{"id":340,"date":"2018-08-06T15:16:57","date_gmt":"2018-08-06T13:16:57","guid":{"rendered":"http:\/\/quentel.dcks.de\/?page_id=340"},"modified":"2018-08-06T15:16:57","modified_gmt":"2018-08-06T13:16:57","slug":"zukuenftige-ziele-des-vereins-foerderverein","status":"publish","type":"page","link":"https:\/\/quentel.dcks.de\/?page_id=340","title":{"rendered":"Zuk\u00fcnftige Ziele des Vereins &#8211; F\u00f6rderverein"},"content":{"rendered":"<p>Das Ziel des Vereins ist der Betrieb und die Unterhaltung des Hauses zum Zwecke der F\u00f6rderung und der Belebung der Dorfgemeinschaft. Im Dorfgemeinschaftshaus soll ein Ort der Begegnung und des gemeinsamen Erlebens geschaffen, erhalten und gestaltet werden.<br \/>\nNeben den Veranstaltungen des F\u00f6rdervereins, sollen dort die Sitzungen des Ortsbeirates stattfinden und es soll als Wahllokal dienen. Es soll ein Treffpunkt der B\u00fcrger sein, damit kreative und kulturelle Veranstaltungen, auch von anderen Vereinen, durchgef\u00fchrt werden k\u00f6nnen.<br \/>\nMit dem Kirmesteam hat man auch junge Leute im Verein, die in ihren R\u00e4umen regelm\u00e4\u00dfig \u00f6ffentliche Veranstaltungen anbieten und sich engagieren.<br \/>\nDa die Aufgaben mit dem Dorfgemeinschaftshaus nur mit vielen Helfern geleistet werden k\u00f6nnen, ist der Verein auf breite Hilfe und Unterst\u00fctzung angewiesen.<br \/>\nErst wenn etwas nicht mehr existiert, stellt man fest, dass etwas fehlt.<\/p>\n","protected":false},"excerpt":{"rendered":"<p>Das Ziel des Vereins ist der Betrieb und die Unterhaltung des Hauses zum Zwecke der F\u00f6rderung und der Belebung der Dorfgemeinschaft. Im Dorfgemeinschaftshaus soll ein Ort der Begegnung und des gemeinsamen Erlebens geschaffen, erhalten und gestaltet werden. Neben den Veranstaltungen des F\u00f6rdervereins, sollen dort die Sitzungen des Ortsbeirates stattfinden und es soll als Wahllokal dienen. Es soll ein Treffpunkt der B\u00fcrger sein, damit kreative und kulturelle Veranstaltungen, auch von anderen Vereinen, durchgef\u00fchrt werden k\u00f6nnen. Mit dem Kirmesteam hat man auch&#8230;<\/p>\n<p class=\"read-more\"><a class=\"btn btn-default\" href=\"https:\/\/quentel.dcks.de\/?page_id=340\">Weiterlesen<span class=\"screen-reader-text\"> Weiterlesen<\/span><\/a><\/p>\n","protected":false},"author":1,"featured_media":0,"parent":0,"menu_order":0,"comment_status":"closed","ping_status":"closed","template":"","meta":{"footnotes":""},"class_list":["post-340","page","type-page","status-publish","hentry"],"_links":{"self":[{"href":"https:\/\/quentel.dcks.de\/index.php?rest_route=\/wp\/v2\/pages\/340","targetHints":{"allow":["GET"]}}],"collection":[{"href":"https:\/\/quentel.dcks.de\/index.php?rest_route=\/wp\/v2\/pages"}],"about":[{"href":"https:\/\/quentel.dcks.de\/index.php?rest_route=\/wp\/v2\/types\/page"}],"author":[{"embeddable":true,"href":"https:\/\/quentel.dcks.de\/index.php?rest_route=\/wp\/v2\/users\/1"}],"replies":[{"embeddable":true,"href":"https:\/\/quentel.dcks.de\/index.php?rest_route=%2Fwp%2Fv2%2Fcomments&post=340"}],"version-history":[{"count":1,"href":"https:\/\/quentel.dcks.de\/index.php?rest_route=\/wp\/v2\/pages\/340\/revisions"}],"predecessor-version":[{"id":341,"href":"https:\/\/quentel.dcks.de\/index.php?rest_route=\/wp\/v2\/pages\/340\/revisions\/341"}],"wp:attachment":[{"href":"https:\/\/quentel.dcks.de\/index.php?rest_route=%2Fwp%2Fv2%2Fmedia&parent=340"}],"curies":[{"name":"wp","href":"https:\/\/api.w.org\/{rel}","templated":true}]}}